1493
What are the prime factors of 963316882?
2, 11, 151, 409, 709
List the prime factors of 22269795.
3, 5, 67, 22159
List the prime factors of 488777816.
2, 47, 1299941
List the prime factors of 186537560.
2, 5, 11, 423949
What are the prime factors of 170158258?
2, 79, 131, 8221
List the prime factors of 644787594.
2, 3, 11, 17, 63853
List the prime factors of 118894294.
2, 17, 1867, 1873
List the prime factors of 780912914.
2, 311, 491, 2557
List the prime factors of 38077292.
2, 11, 19, 37, 1231
List the prime factors of 442778180.
2, 5, 13, 1702993
What are the prime factors of 4787793256?
2, 598474157
What are the prime factors of 32340293?
389, 83137
What are the prime factors of 117815641?
149, 790709
What are the prime factors of 645556977?
3, 13, 19, 290399
What are the prime factors of 114780536?
2, 13, 151, 7309
What are the prime factors of 255915041?
137, 1867993
List the prime factors of 1099564011.
3, 7, 13, 421, 1063
List the prime factors of 11197314.
2, 3, 622073
List the prime factors of 134291015.
5, 26858203
What are the prime factors of 7834210434?
2, 3, 145077971
What are the prime factors of 4802014087?
13, 369385699
What are the prime factors of 3009211858?
2, 2393, 628753
What are the prime factors of 70882981?
13, 1153, 4729
List the prime factors of 74102213.
74102213
What are the prime factors of 4534935390?
2, 3, 5, 19, 884003
What are the prime factors of 88894102?
2, 11, 107, 3433
What are the prime factors of 3665697884?
2, 43, 47, 453451
List the prime factors of 123246416.
2, 7702901
What are the prime factors of 233359446?
2, 3, 3581, 10861
What are the prime factors of 409605443?
13, 433, 72767
List the prime factors of 192838486.
2, 19, 23, 53, 181
List the prime factors of 3889222927.
23, 169096649
List the prime factors of 897495787.
31, 59, 8317
List the prime factors of 106578635.
5, 241, 367
List the prime factors of 300989193.
3, 100329731
List the prime factors of 34003216.
2, 13, 163477
What are the prime factors of 634545279?
3, 23501677
List the prime factors of 353017979.
353017979
What are the prime factors of 1119399382?
2, 559699691
What are the prime factors of 2170406266?
2, 7, 155029019
List the prime factors of 1581299324.
2, 11, 1279, 28099
List the prime factors of 325559153.
4327, 75239
List the prime factors of 6809674133.
41, 617, 269189
List the prime factors of 6612815473.
11, 9547, 62969
List the prime factors of 35730276.
2, 3, 2977523
What are the prime factors of 1655356285?
5, 11, 19, 1061, 1493
What are the prime factors of 1115517900?
2, 3, 5, 7, 17, 31247
What are the prime factors of 740328602?
2, 13, 28474177
What are the prime factors of 141009724?
2, 35252431
What are the prime factors of 16372430?
2, 5, 1637243
What are the prime factors of 897537044?
2, 73, 3073757
What are the prime factors of 452141575?
5, 19, 827, 1151
List the prime factors of 122589806.
2, 37, 677, 2447
List the prime factors of 25602551.
13, 53, 37159
What are the prime factors of 261762729?
3, 29, 31, 71, 1367
List the prime factors of 21049765.
5, 11, 3163
What are the prime factors of 5077856691?
3, 564206299
List the prime factors of 1471870.
2, 5, 103, 1429
List the prime factors of 51708913.
41, 113, 11161
List the prime factors of 75468195.
3, 5, 11, 152461
What are the prime factors of 5745962418?
2, 3, 7, 193, 463, 1531
List the prime factors of 56214315.
3, 5, 31, 59, 683
What are the prime factors of 33665162?
2, 2423, 6947
List the prime factors of 1135296317.
1601, 709117
List the prime factors of 2851915198.
2, 11, 331, 391639
What are the prime factors of 222340399?
17, 13078847
List the prime factors of 2820498492.
2, 3, 7, 17, 1039, 1901
What are the prime factors of 47355652?
2, 383, 30911
List the prime factors of 44027546.
2, 167, 193, 683
List the prime factors of 118810813.
11, 383, 28201
List the prime factors of 2968879953.
3, 13, 5855779
What are the prime factors of 263052196?
2, 11, 23, 259933
What are the prime factors of 199465071?
3, 13, 5114489
List the prime factors of 305320081.
11, 43, 645497
What are the prime factors of 84609724?
2, 43, 109, 4513
What are the prime factors of 15581864?
2, 1947733
What are the prime factors of 325624379?
431, 755509
List the prime factors of 128582990.
2, 5, 12858299
What are the prime factors of 1215782576?
2, 23, 673, 4909
List the prime factors of 58815105.
3, 5, 79, 49633
List the prime factors of 74167421.
281, 263941
List the prime factors of 21204350.
2, 5, 277, 1531
List the prime factors of 45076245.
3, 5, 3005083
What are the prime factors of 5822513310?
2, 3, 5, 31, 6260767
What are the prime factors of 930072514?
2, 7, 29, 53, 43223
List the prime factors of 218351501.
349, 647, 967
What are the prime factors of 88218444?
2, 3, 19, 61, 6343
List the prime factors of 29135065.
5, 47, 123979
What are the prime factors of 82145984?
2, 701, 1831
What are the prime factors of 31822529?
31822529
What are the prime factors of 54564280?
2, 5, 23, 127, 467
What are the prime factors of 420748901?
19, 22144679
What are the prime factors of 67613987?
7, 73, 307, 431
What are the prime factors of 62026907?
53, 199, 5881
What are the prime factors of 62773377?
3, 4211, 4969
List the prime factors of 569280669.
3, 189760223
What are the prime factors of 33677670?
2, 3, 5, 13, 86353
What are the prime factors of 2733091831?
523, 5225797
List the prime factors of 399893752.
2, 97, 311, 1657
What are the prime factors of 653290776?
2, 3, 31, 292693
What are the prime factors of 597998541?
3, 7, 28476121
What are the prime factors of 495246285?
3, 5, 47, 89, 877
What are the prime factors of 890042663?
8513, 104551
List the prime factors of 555867120.
2, 3, 5, 47, 49279
List the prime factors of 76077292.
2, 19, 1001017
List the prime factors of 62985218.
2, 1093, 28813
List the prime factors of 387242356.
2, 6151, 15739
List the prime factors of 38021073.
3, 43, 47, 6271
What are the prime factors of 50721031?
50721031
What are the prime factors of 929123663?
13, 23, 29, 83, 1291
List the prime factors of 151758918.
2, 3, 8431051
List the prime factors of 98242598.
2, 263, 186773
List the prime factors of 531387725.
5, 11, 19, 101701
What are the prime factors of 5830541988?
2, 3, 29, 577739
What are the prime factors of 554567142?
2, 3, 2267, 40771
List the prime factors of 1272008828.
2, 149, 2134243
What are the prime factors of 636362919?
3, 23, 61, 107, 157
What are the prime factors of 27401596?
2, 113, 60623
List the prime factors of 302468719.
7, 881833
List the prime factors of 8305211.
61, 173, 787
List the prime factors of 43809942.
2, 3, 11, 663787
List the prime factors of 25785562.
2, 11, 331, 3541
What are the prime factors of 595363377?
3, 7, 613, 6607
List the prime factors of 37819157.
53, 713569
What are the prime factors of 66554058?
2, 3, 11092343
List the prime factors of 49881181.
7, 23, 491, 631
List the prime factors of 807712207.
807712207
List the prime factors of 215547647.
7, 19, 239, 6781
List the prime factors of 1011702522.
2, 3, 5023, 33569
List the prime factors of 977102306.
2, 719, 679487
What are the prime factors of 308499153?
3, 17, 113, 199, 269
List the prime factors of 4698772.
2, 13, 109, 829
List the prime factors of 85600498.
2, 1049, 40801
What are the prime factors of 852037622?
2, 23, 18522557
What are the prime factors of 1081873793?
7, 11, 13, 23, 137
What are the prime factors of 30042221?
11, 2731111
What are the prime factors of 610472307?
3, 203490769
List the prime factors of 8266211962.
2, 10433, 396157
What are the prime factors of 36604029?
3, 7, 11, 22637
List the prime factors of 24477011.
13, 31, 60737
What are the prime factors of 10833072?
2, 3, 225689
List the prime factors of 365589517.
365589517
List the prime factors of 160511923.
11, 13, 61, 18401
What are the prime factors of 66053225?
5, 7, 7703
What are the prime factors of 82737191?
19, 479, 9091
List the prime factors of 110363816.
2, 13795477
What are the prime factors of 14328862?
2, 23, 79, 3943
List the prime factors of 3906771308.
2, 11, 29, 71, 1487
What are the prime factors of 76317879?
3, 11, 17, 29, 4691
List the prime factors of 142771731.
3, 619, 76883
What are the prime factors of 348729181?